atest common divisor of 14155 and 95?
95
What is the highest common factor of 35 and 567?
7
What is the greatest common factor of 644 and 28?
28
Calculate the highest common divisor of 219 and 6.
3
What is the greatest common factor of 472 and 8?
8
Calculate the greatest common factor of 175 and 385.
35
What is the highest common factor of 397 and 1?
1
What is the greatest common factor of 12 and 113?
1
Calculate the highest common factor of 126 and 1575.
63
What is the highest common factor of 6 and 2?
2
Calculate the greatest common factor of 18 and 99.
9
What is the greatest common factor of 594 and 9?
9
Calculate the greatest common factor of 234 and 36.
18
Calculate the greatest common factor of 8636 and 68.
68
What is the highest common divisor of 1088 and 476?
68
Calculate the greatest common divisor of 4 and 518.
2
What is the greatest common factor of 37048 and 176?
88
Calculate the greatest common factor of 8 and 248.
8
What is the highest common divisor of 90 and 486?
18
What is the highest common divisor of 885 and 30?
15
Calculate the greatest common divisor of 405 and 225.
45
Calculate the greatest common factor of 493 and 34.
17
What is the greatest common divisor of 714 and 28?
14
Calculate the greatest common divisor of 35 and 56.
7
What is the highest common factor of 93 and 11160?
93
Calculate the highest common divisor of 111 and 10027.
37
What is the greatest common factor of 3740 and 44?
44
Calculate the highest common divisor of 76 and 950.
38
What is the greatest common factor of 36 and 306?
18
Calculate the highest common divisor of 55 and 19030.
55
What is the highest common factor of 51 and 425?
17
What is the highest common factor of 3480 and 180?
60
Calculate the greatest common divisor of 130 and 455.
65
Calculate the greatest common divisor of 728 and 994.
14
Calculate the greatest common divisor of 27 and 6.
3
Calculate the highest common factor of 18306 and 113.
113
Calculate the greatest common divisor of 2 and 922.
2
What is the highest common factor of 611 and 94?
47
What is the greatest common factor of 3 and 43?
1
What is the greatest common factor of 82 and 17958?
82
What is the greatest common divisor of 10 and 18?
2
Calculate the greatest common factor of 86 and 6407.
43
What is the highest common divisor of 8 and 4428?
4
What is the highest common divisor of 196 and 1323?
49
What is the greatest common factor of 1053 and 26?
13
Calculate the highest common factor of 4228 and 112.
28
Calculate the greatest common divisor of 110 and 160.
10
Calculate the greatest common factor of 295 and 3894.
59
What is the greatest common divisor of 28 and 1358?
14
Calculate the highest common factor of 4 and 3.
1
What is the highest common factor of 6 and 93?
3
What is the highest common factor of 15 and 960?
15
Calculate the highest common factor of 3860 and 3281.
193
What is the highest common divisor of 117 and 18?
9
What is the highest common factor of 1308 and 24?
12
Calculate the greatest common factor of 2756 and 52.
52
Calculate the highest common factor of 288 and 672.
96
What is the highest common factor of 112 and 252?
28
What is the highest common factor of 4067 and 49?
49
Calculate the highest common factor of 507 and 52.
13
Calculate the highest common factor of 680 and 1496.
136
Calculate the highest common factor of 48 and 4056.
24
What is the highest common divisor of 88 and 110?
22
What is the greatest common factor of 44 and 704?
44
What is the highest common divisor of 442 and 153?
17
What is the greatest common divisor of 124 and 40083?
31
Calculate the greatest common factor of 208 and 27352.
104
Calculate the highest common divisor of 129 and 9.
3
Calculate the greatest common factor of 36 and 252.
36
What is the greatest common factor of 10 and 68710?
10
Calculate the greatest common factor of 943 and 23.
23
What is the greatest common factor of 14 and 266?
14
Calculate the greatest common divisor of 153 and 255.
51
What is the greatest common factor of 8052 and 132?
132
What is the highest common factor of 140 and 630?
70
Calculate the greatest common factor of 87 and 2001.
87
What is the greatest common divisor of 10250 and 250?
250
Calculate the greatest common divisor of 132 and 671.
11
Calculate the greatest common divisor of 1701 and 9.
9
What is the highest common factor of 304 and 38?
38
What is the highest common divisor of 79 and 2449?
79
What is the highest common factor of 12782 and 286?
22
Calculate the greatest common divisor of 12 and 258.
6
Calculate the highest common divisor of 30 and 78.
6
What is the highest common divisor of 20579 and 13?
13
What is the highest common divisor of 141 and 3149?
47
What is the greatest common factor of 4 and 10252?
4
Calculate the highest common factor of 1440 and 3420.
180
Calculate the highest common factor of 462 and 44.
22
What is the greatest common factor of 1740 and 60?
60
Calculate the highest common factor of 74 and 8362.
74
What is the greatest common divisor of 7 and 4613?
7
What is the highest common factor of 3859 and 17?
17
Calculate the highest common divisor of 15755 and 137.
137
Calculate the greatest common factor of 210 and 3390.
30
Calculate the highest common factor of 1458 and 18.
18
What is the highest common factor of 740 and 20?
20
Calculate the greatest common divisor of 728 and 24.
8
Calculate the greatest common factor of 78 and 39.
39
What is the highest common divisor of 23 and 115?
23
Calculate the greatest common factor of 8142 and 1062.
354
What is the greatest common factor of 160 and 928?
32
Calculate the highest common divisor of 54 and 2862.
54
What is the greatest common divisor of 56487 and 57?
57
What is the greatest common divisor of 238 and 68?
34
What is the highest common divisor of 299 and 195?
13
Calculate the highest common divisor of 28 and 301.
7
What is the highest common divisor of 480 and 940?
20
Calculate the highest common factor of 385 and 110.
55
What is the greatest common factor of 78 and 104?
26
What is the highest common divisor of 12008 and 152?
152
Calculate the highest common divisor of 12 and 24.
12
Calculate the greatest common divisor of 65383 and 151.
151
What is the greatest common divisor of 1806 and 294?
42
What is the greatest common divisor of 368 and 115?
23
Calculate the greatest common divisor of 56 and 1316.
28
What is the highest common divisor of 270 and 180?
90
What is the highest common factor of 217 and 21?
7
Calculate the greatest common factor of 72 and 3177.
9
Calculate the highest common factor of 96 and 12.
12
Calculate the greatest common divisor of 15 and 5175.
15
Calculate the highest common divisor of 255 and 30.
15
Calculate the highest common divisor of 539 and 2233.
77
What is the greatest common divisor of 33 and 6?
3
What is the highest common factor of 78 and 143?
13
Calculate the highest common divisor of 1960 and 460.
20
Calculate the greatest common factor of 8766 and 18.
18
Calculate the greatest common divisor of 152 and 190.
38
What is the highest common divisor of 182 and 11480?
14
What is the greatest common divisor of 72 and 3012?
12
Calculate the greatest common factor of 58 and 638.
58
Calculate the highest common divisor of 21 and 399.
21
Calculate the highest common factor of 16 and 12.
4
Calculate the highest common divisor of 230 and 2875.
115
What is the greatest common factor of 189 and 27594?
189
Calculate the greatest common divisor of 13 and 1807.
13
What is the highest common divisor of 2432 and 266?
38
Calculate the greatest common factor of 7588 and 112.
28
Calculate the highest common divisor of 2832 and 384.
48
Calculate the greatest common factor of 42 and 616.
14
What is the highest common factor of 3724 and 112?
28
Calculate the greatest common divisor of 81 and 1818.
9
What is the highest common factor of 16 and 16?
16
What is the greatest common divisor of 688 and 32?
16
What is the greatest common factor of 182 and 126?
14
Calculate the greatest common factor of 10097 and 23.
23
Calculate the highest common factor of 123 and 1968.
123
Calculate the highest common divisor of 51 and 20434.
17
What is the greatest common factor of 112 and 203?
7
What is the highest common divisor of 456 and 432?
24
What is the highes